{"id":828,"date":"2023-10-15T14:09:26","date_gmt":"2023-10-15T12:09:26","guid":{"rendered":"https:\/\/dolati.shop\/?post_type=product&#038;p=828"},"modified":"2024-02-20T15:59:32","modified_gmt":"2024-02-20T14:59:32","slug":"tete-de-lion-decoration-murale-animale","status":"publish","type":"product","link":"https:\/\/dolati.shop\/index.php\/product\/tete-de-lion-decoration-murale-animale\/","title":{"rendered":"T\u00eate de Lion &#8211; D\u00e9coration murale animale"},"content":{"rendered":"","protected":false},"excerpt":{"rendered":"<p>Description<br \/>La t\u00eate de lion est l\u2019\u00e9l\u00e9ment de d\u00e9coration parfait pour une chambre de b\u00e9b\u00e9 ou d\u2019enfant. <\/p>\n<p>Mat\u00e9riel<br \/>Feuilles de banane. Il s\u2019agit d\u2019un mat\u00e9riau naturel et cela signifie que chaque produit est 100 % unique, fabriqu\u00e9 \u00e0 la main, Gardez \u00e0 l\u2019esprit que cela signifie qu\u2019il peut y avoir de l\u00e9g\u00e8res diff\u00e9rences entre chaque produit.<br \/>Parce qu&rsquo;il est fabriqu\u00e9 \u00e0 partir d&rsquo;un mat\u00e9riau naturel, je recommande de l&rsquo;utiliser uniquement \u00e0 l&rsquo;int\u00e9rieur, dans un environnement sec.<\/p>\n<p><strong>Dimensions<\/strong><br \/>55 cm<\/p>\n","protected":false},"featured_media":829,"comment_status":"open","ping_status":"closed","template":"","meta":[],"product_brand":[],"product_cat":[125,145],"product_tag":[],"class_list":{"0":"post-828","1":"product","2":"type-product","3":"status-publish","4":"has-post-thumbnail","6":"product_cat-le-coin-des-enfants","7":"product_cat-toute-la-collection","9":"first","10":"instock","11":"purchasable","12":"product-type-simple","13":"customify-col"},"mb":[],"jetpack_sharing_enabled":true,"mfb_rest_fields":["title","jetpack_sharing_enabled","gutenberg_elementor_mode"],"_links":{"self":[{"href":"https:\/\/dolati.shop\/index.php\/wp-json\/wp\/v2\/product\/828","targetHints":{"allow":["GET"]}}],"collection":[{"href":"https:\/\/dolati.shop\/index.php\/wp-json\/wp\/v2\/product"}],"about":[{"href":"https:\/\/dolati.shop\/index.php\/wp-json\/wp\/v2\/types\/product"}],"replies":[{"embeddable":true,"href":"https:\/\/dolati.shop\/index.php\/wp-json\/wp\/v2\/comments?post=828"}],"version-history":[{"count":2,"href":"https:\/\/dolati.shop\/index.php\/wp-json\/wp\/v2\/product\/828\/revisions"}],"predecessor-version":[{"id":3105,"href":"https:\/\/dolati.shop\/index.php\/wp-json\/wp\/v2\/product\/828\/revisions\/3105"}],"wp:featuredmedia":[{"embeddable":true,"href":"https:\/\/dolati.shop\/index.php\/wp-json\/wp\/v2\/media\/829"}],"wp:attachment":[{"href":"https:\/\/dolati.shop\/index.php\/wp-json\/wp\/v2\/media?parent=828"}],"wp:term":[{"taxonomy":"product_brand","embeddable":true,"href":"https:\/\/dolati.shop\/index.php\/wp-json\/wp\/v2\/product_brand?post=828"},{"taxonomy":"product_cat","embeddable":true,"href":"https:\/\/dolati.shop\/index.php\/wp-json\/wp\/v2\/product_cat?post=828"},{"taxonomy":"product_tag","embeddable":true,"href":"https:\/\/dolati.shop\/index.php\/wp-json\/wp\/v2\/product_tag?post=828"}],"curies":[{"name":"wp","href":"https:\/\/api.w.org\/{rel}","templated":true}]}}