{"id":809,"date":"2023-10-11T22:56:48","date_gmt":"2023-10-11T20:56:48","guid":{"rendered":"https:\/\/dolati.shop\/?post_type=product&#038;p=809"},"modified":"2024-02-07T16:21:59","modified_gmt":"2024-02-07T15:21:59","slug":"vase-lion-ceramique","status":"publish","type":"product","link":"https:\/\/dolati.shop\/index.php\/product\/vase-lion-ceramique\/","title":{"rendered":"VASE LION C\u00c9RAMIQUE"},"content":{"rendered":"\n<figure class=\"wp-block-image\"><img decoding=\"async\" src=\"https:\/\/img.ankorstore.com\/brands\/rounded\/5779-47dfd352b16537.jpg?auto=format%2Ccompress&amp;fm=pjpg&amp;dpr=1&amp;w=72\" alt=\"Helio Ferretti\" \/><\/figure>\n\n\n\n<p>Helio Ferretti<\/p>\n","protected":false},"excerpt":{"rendered":"<p>Description<br \/>Vase en c\u00e9ramique en forme de lion de couleur naturelle.  Il peut \u00e9galement \u00eatre utilis\u00e9 comme figure d\u00e9corative, car il est id\u00e9al pour d\u00e9corer n&rsquo;importe quel coin en donnant une touche \u00e9l\u00e9gante et originale.<\/p>\n<p>Dimensions :<br \/>H 19,5 x l 17cm x P 8cm<\/p>\n<p>Attention, peut \u00eatre poreux <\/p>\n","protected":false},"featured_media":811,"comment_status":"open","ping_status":"closed","template":"","meta":[],"product_brand":[],"product_cat":[145,28],"product_tag":[],"class_list":{"0":"post-809","1":"product","2":"type-product","3":"status-publish","4":"has-post-thumbnail","6":"product_cat-toute-la-collection","7":"product_cat-vases","9":"first","10":"instock","11":"purchasable","12":"product-type-simple","13":"customify-col"},"mb":[],"jetpack_sharing_enabled":true,"mfb_rest_fields":["title","jetpack_sharing_enabled","gutenberg_elementor_mode"],"_links":{"self":[{"href":"https:\/\/dolati.shop\/index.php\/wp-json\/wp\/v2\/product\/809","targetHints":{"allow":["GET"]}}],"collection":[{"href":"https:\/\/dolati.shop\/index.php\/wp-json\/wp\/v2\/product"}],"about":[{"href":"https:\/\/dolati.shop\/index.php\/wp-json\/wp\/v2\/types\/product"}],"replies":[{"embeddable":true,"href":"https:\/\/dolati.shop\/index.php\/wp-json\/wp\/v2\/comments?post=809"}],"version-history":[{"count":2,"href":"https:\/\/dolati.shop\/index.php\/wp-json\/wp\/v2\/product\/809\/revisions"}],"predecessor-version":[{"id":2879,"href":"https:\/\/dolati.shop\/index.php\/wp-json\/wp\/v2\/product\/809\/revisions\/2879"}],"wp:featuredmedia":[{"embeddable":true,"href":"https:\/\/dolati.shop\/index.php\/wp-json\/wp\/v2\/media\/811"}],"wp:attachment":[{"href":"https:\/\/dolati.shop\/index.php\/wp-json\/wp\/v2\/media?parent=809"}],"wp:term":[{"taxonomy":"product_brand","embeddable":true,"href":"https:\/\/dolati.shop\/index.php\/wp-json\/wp\/v2\/product_brand?post=809"},{"taxonomy":"product_cat","embeddable":true,"href":"https:\/\/dolati.shop\/index.php\/wp-json\/wp\/v2\/product_cat?post=809"},{"taxonomy":"product_tag","embeddable":true,"href":"https:\/\/dolati.shop\/index.php\/wp-json\/wp\/v2\/product_tag?post=809"}],"curies":[{"name":"wp","href":"https:\/\/api.w.org\/{rel}","templated":true}]}}