{"id":739,"date":"2023-10-10T21:49:31","date_gmt":"2023-10-10T19:49:31","guid":{"rendered":"https:\/\/dolati.shop\/?post_type=product&#038;p=739"},"modified":"2026-01-21T22:00:21","modified_gmt":"2026-01-21T21:00:21","slug":"decoration-murale-etoile-laiton","status":"publish","type":"product","link":"https:\/\/dolati.shop\/index.php\/product\/decoration-murale-etoile-laiton\/","title":{"rendered":"D\u00e9coration murale \u00e9toile laiton"},"content":{"rendered":"\n<figure class=\"wp-block-image\"><img decoding=\"async\" src=\"https:\/\/img.ankorstore.com\/brands\/rounded\/24226-47df7580c67c33.jpg?auto=format%2Ccompress&amp;fm=pjpg&amp;dpr=1&amp;w=72\" alt=\"Collection Maroc\" \/><\/figure>\n\n\n\n<p>Collection Maroc<\/p>\n","protected":false},"excerpt":{"rendered":"<p>Description<br \/>D\u00e9coration murale \u00e9toile m\u00e9tal dor\u00e9.<br \/>Contre un mur ou sur un buffet, les \u00e9toiles en reliefs s&rsquo;exposent seules ou en groupe. D\u00e9coup\u00e9e minutieusement dans une plaque de laiton brute et pli\u00e9e \u00e0 la main, cette d\u00e9co murale regroupe le charme de l&rsquo;artisanat et la po\u00e9sie de sa forme et de sa couleur.<\/p>\n<p>La fabrication Artisanale rend votre d\u00e9coration unique.<br \/>Les dimensions et les couleurs peuvent varier l\u00e9g\u00e8rement d&rsquo;une pi\u00e8ce \u00e0 l&rsquo;autre.<\/p>\n<p><strong>Dimensions<\/strong> :<br \/>Taille S<br \/>Longueur 6 cm<br \/>Largeur 1 cm<br \/>Hauteur 4.5 cm<\/p>\n<p>Taille M<br \/>Longueur 10 cm<br \/>Largeur 1.5 cm<br \/>Hauteur 8.5 cm<\/p>\n<p>Composition<br \/>100 % laiton<\/p>\n<p>Mat\u00e9riaux<br \/>100 % m\u00e9tal<\/p>\n","protected":false},"featured_media":716,"comment_status":"open","ping_status":"closed","template":"","meta":[],"product_brand":[],"product_cat":[17],"product_tag":[],"class_list":{"0":"post-739","1":"product","2":"type-product","3":"status-publish","4":"has-post-thumbnail","6":"product_cat-decoration-murale","8":"first","9":"instock","10":"purchasable","11":"product-type-variable","12":"has-default-attributes","13":"customify-col","14":"product-has-gallery"},"mb":[],"jetpack_sharing_enabled":true,"mfb_rest_fields":["title","jetpack_sharing_enabled","gutenberg_elementor_mode"],"_links":{"self":[{"href":"https:\/\/dolati.shop\/index.php\/wp-json\/wp\/v2\/product\/739","targetHints":{"allow":["GET"]}}],"collection":[{"href":"https:\/\/dolati.shop\/index.php\/wp-json\/wp\/v2\/product"}],"about":[{"href":"https:\/\/dolati.shop\/index.php\/wp-json\/wp\/v2\/types\/product"}],"replies":[{"embeddable":true,"href":"https:\/\/dolati.shop\/index.php\/wp-json\/wp\/v2\/comments?post=739"}],"version-history":[{"count":1,"href":"https:\/\/dolati.shop\/index.php\/wp-json\/wp\/v2\/product\/739\/revisions"}],"predecessor-version":[{"id":2671,"href":"https:\/\/dolati.shop\/index.php\/wp-json\/wp\/v2\/product\/739\/revisions\/2671"}],"wp:featuredmedia":[{"embeddable":true,"href":"https:\/\/dolati.shop\/index.php\/wp-json\/wp\/v2\/media\/716"}],"wp:attachment":[{"href":"https:\/\/dolati.shop\/index.php\/wp-json\/wp\/v2\/media?parent=739"}],"wp:term":[{"taxonomy":"product_brand","embeddable":true,"href":"https:\/\/dolati.shop\/index.php\/wp-json\/wp\/v2\/product_brand?post=739"},{"taxonomy":"product_cat","embeddable":true,"href":"https:\/\/dolati.shop\/index.php\/wp-json\/wp\/v2\/product_cat?post=739"},{"taxonomy":"product_tag","embeddable":true,"href":"https:\/\/dolati.shop\/index.php\/wp-json\/wp\/v2\/product_tag?post=739"}],"curies":[{"name":"wp","href":"https:\/\/api.w.org\/{rel}","templated":true}]}}