{"id":697,"date":"2023-10-10T10:33:51","date_gmt":"2023-10-10T08:33:51","guid":{"rendered":"https:\/\/dolati.shop\/?post_type=product&#038;p=697"},"modified":"2024-04-19T09:31:17","modified_gmt":"2024-04-19T07:31:17","slug":"corbeille-plate-avec-poignees-30cm","status":"publish","type":"product","link":"https:\/\/dolati.shop\/index.php\/product\/corbeille-plate-avec-poignees-30cm\/","title":{"rendered":"Corbeille plate avec poign\u00e9es 50cm"},"content":{"rendered":"\n<figure class=\"wp-block-image\"><img decoding=\"async\" src=\"https:\/\/img.ankorstore.com\/brands\/rounded\/24226-47df7580c67c33.jpg?auto=format%2Ccompress&amp;fm=pjpg&amp;dpr=1&amp;w=72\" alt=\"Collection Maroc\" \/><\/figure>\n\n\n\n<p>Collection Maroc<\/p>\n","protected":false},"excerpt":{"rendered":"<p>Description<br \/>Corbeille plate en Feuilles de Palmier 100% naturelles avec deux anses lat\u00e9rales.<br \/>La fabrication Artisanale rend votre panier unique. Les dimensions et les couleurs peuvent l\u00e9g\u00e8rement varier d&rsquo;une pi\u00e8ce \u00e0 l&rsquo;autre.<\/p>\n<p><strong>Dimensions<\/strong><br \/>Diam\u00e8tre 50 cm<br \/>Hauteur 10cm<\/p>\n<p>Composition<br \/>100% Naturelle<\/p>\n<p>Mat\u00e9riaux<br \/>Feuilles de Palmier<\/p>\n","protected":false},"featured_media":698,"comment_status":"open","ping_status":"closed","template":"","meta":[],"product_brand":[],"product_cat":[79],"product_tag":[],"class_list":{"0":"post-697","1":"product","2":"type-product","3":"status-publish","4":"has-post-thumbnail","6":"product_cat-paniers","8":"first","9":"instock","10":"purchasable","11":"product-type-simple","12":"customify-col"},"mb":[],"jetpack_sharing_enabled":true,"mfb_rest_fields":["title","jetpack_sharing_enabled","gutenberg_elementor_mode"],"_links":{"self":[{"href":"https:\/\/dolati.shop\/index.php\/wp-json\/wp\/v2\/product\/697","targetHints":{"allow":["GET"]}}],"collection":[{"href":"https:\/\/dolati.shop\/index.php\/wp-json\/wp\/v2\/product"}],"about":[{"href":"https:\/\/dolati.shop\/index.php\/wp-json\/wp\/v2\/types\/product"}],"replies":[{"embeddable":true,"href":"https:\/\/dolati.shop\/index.php\/wp-json\/wp\/v2\/comments?post=697"}],"version-history":[{"count":3,"href":"https:\/\/dolati.shop\/index.php\/wp-json\/wp\/v2\/product\/697\/revisions"}],"predecessor-version":[{"id":3396,"href":"https:\/\/dolati.shop\/index.php\/wp-json\/wp\/v2\/product\/697\/revisions\/3396"}],"wp:featuredmedia":[{"embeddable":true,"href":"https:\/\/dolati.shop\/index.php\/wp-json\/wp\/v2\/media\/698"}],"wp:attachment":[{"href":"https:\/\/dolati.shop\/index.php\/wp-json\/wp\/v2\/media?parent=697"}],"wp:term":[{"taxonomy":"product_brand","embeddable":true,"href":"https:\/\/dolati.shop\/index.php\/wp-json\/wp\/v2\/product_brand?post=697"},{"taxonomy":"product_cat","embeddable":true,"href":"https:\/\/dolati.shop\/index.php\/wp-json\/wp\/v2\/product_cat?post=697"},{"taxonomy":"product_tag","embeddable":true,"href":"https:\/\/dolati.shop\/index.php\/wp-json\/wp\/v2\/product_tag?post=697"}],"curies":[{"name":"wp","href":"https:\/\/api.w.org\/{rel}","templated":true}]}}