{"id":666,"date":"2023-10-09T23:03:00","date_gmt":"2023-10-09T21:03:00","guid":{"rendered":"https:\/\/dolati.shop\/?post_type=product&#038;p=666"},"modified":"2024-01-14T12:02:06","modified_gmt":"2024-01-14T11:02:06","slug":"etagere-murale-ronde-en-metal-grillage-anthracite-greed","status":"publish","type":"product","link":"https:\/\/dolati.shop\/index.php\/product\/etagere-murale-ronde-en-metal-grillage-anthracite-greed\/","title":{"rendered":"Etag\u00e8re murale ronde en m\u00e9tal grillag\u00e9 anthracite Greed"},"content":{"rendered":"\n<figure class=\"wp-block-image\"><img decoding=\"async\" src=\"https:\/\/img.ankorstore.com\/brands\/rounded\/26420-47dfa2e66ff500.jpg?auto=format%2Ccompress&amp;fm=pjpg&amp;dpr=1&amp;w=72\" alt=\"Decoclico\" \/><\/figure>\n\n\n\n<p>Decoclico<\/p>\n","protected":false},"excerpt":{"rendered":"<p>Description<br \/>Jolie \u00e9tag\u00e8re en m\u00e9tal grillag\u00e9, finition charbon anthracite, mate. Elle rejoint les \u00e9tag\u00e8res \u00e0 casiers de la collection Greed, belle s\u00e9lection pour ranger en beaut\u00e9. Une note broc, ou campagne, un mod\u00e8le qu&rsquo;on harmonise avec tous les styles de d\u00e9co, et surtout une \u00e9tag\u00e8re pratique dans chaque pi\u00e8ce de la maison: cuisine ou salle de bains, chambre, cellier, entr\u00e9e&#8230; Voir toute la collection Greed<\/p>\n<p>Dimensions<br \/>Diam\u00e8tre 60 x Profondeur 20 cm<\/p>\n","protected":false},"featured_media":667,"comment_status":"open","ping_status":"closed","template":"","meta":[],"product_brand":[],"product_cat":[30,145],"product_tag":[],"class_list":{"0":"post-666","1":"product","2":"type-product","3":"status-publish","4":"has-post-thumbnail","6":"product_cat-etageres","7":"product_cat-toute-la-collection","9":"first","10":"instock","11":"purchasable","12":"product-type-simple","13":"customify-col","14":"product-has-gallery"},"mb":[],"jetpack_sharing_enabled":true,"mfb_rest_fields":["title","jetpack_sharing_enabled","gutenberg_elementor_mode"],"_links":{"self":[{"href":"https:\/\/dolati.shop\/index.php\/wp-json\/wp\/v2\/product\/666","targetHints":{"allow":["GET"]}}],"collection":[{"href":"https:\/\/dolati.shop\/index.php\/wp-json\/wp\/v2\/product"}],"about":[{"href":"https:\/\/dolati.shop\/index.php\/wp-json\/wp\/v2\/types\/product"}],"replies":[{"embeddable":true,"href":"https:\/\/dolati.shop\/index.php\/wp-json\/wp\/v2\/comments?post=666"}],"version-history":[{"count":1,"href":"https:\/\/dolati.shop\/index.php\/wp-json\/wp\/v2\/product\/666\/revisions"}],"predecessor-version":[{"id":2685,"href":"https:\/\/dolati.shop\/index.php\/wp-json\/wp\/v2\/product\/666\/revisions\/2685"}],"wp:featuredmedia":[{"embeddable":true,"href":"https:\/\/dolati.shop\/index.php\/wp-json\/wp\/v2\/media\/667"}],"wp:attachment":[{"href":"https:\/\/dolati.shop\/index.php\/wp-json\/wp\/v2\/media?parent=666"}],"wp:term":[{"taxonomy":"product_brand","embeddable":true,"href":"https:\/\/dolati.shop\/index.php\/wp-json\/wp\/v2\/product_brand?post=666"},{"taxonomy":"product_cat","embeddable":true,"href":"https:\/\/dolati.shop\/index.php\/wp-json\/wp\/v2\/product_cat?post=666"},{"taxonomy":"product_tag","embeddable":true,"href":"https:\/\/dolati.shop\/index.php\/wp-json\/wp\/v2\/product_tag?post=666"}],"curies":[{"name":"wp","href":"https:\/\/api.w.org\/{rel}","templated":true}]}}