{"id":660,"date":"2023-10-09T22:34:48","date_gmt":"2023-10-09T20:34:48","guid":{"rendered":"https:\/\/dolati.shop\/?post_type=product&#038;p=660"},"modified":"2023-11-23T10:04:23","modified_gmt":"2023-11-23T09:04:23","slug":"etagere-murale-en-metal-grillage-dore-5-niches-greed","status":"publish","type":"product","link":"https:\/\/dolati.shop\/index.php\/product\/etagere-murale-en-metal-grillage-dore-5-niches-greed\/","title":{"rendered":"Etag\u00e8re murale en m\u00e9tal grillag\u00e9 dor\u00e9 5 niches Greed"},"content":{"rendered":"\n<figure class=\"wp-block-image\"><img decoding=\"async\" src=\"https:\/\/img.ankorstore.com\/brands\/rounded\/26420-47dfa2e66ff500.jpg?auto=format%2Ccompress&amp;fm=pjpg&amp;dpr=1&amp;w=72\" alt=\"Decoclico\" \/><\/figure>\n\n\n\n<p>Decoclico<\/p>\n","protected":false},"excerpt":{"rendered":"<h4 class=\"ak-heading--4 ds-text-primary\" style=\"border: 0px;--tw-shadow: 0 0 #0000;--tw-ring-inset: var(--tw-empty, );--tw-ring-offset-width: 0px;--tw-ring-offset-color: #fff;--tw-ring-offset-shadow: 0 0 #0000;--tw-ring-shadow: 0 0 #0000;--tw-translate-x: 0;--tw-translate-y: 0;--tw-rotate: 0;--tw-skew-x: 0;--tw-skew-y: 0;--tw-scale-x: 1;--tw-scale-y: 1;--tw-backdrop-blur: var(--tw-empty, );--tw-backdrop-brightness: var(--tw-empty, );--tw-backdrop-contrast: var(--tw-empty, );--tw-backdrop-grayscale: var(--tw-empty, );--tw-backdrop-hue-rotate: var(--tw-empty, );--tw-backdrop-invert: var(--tw-empty, );--tw-backdrop-opacity: var(--tw-empty, );--tw-backdrop-saturate: var(--tw-empty, );--tw-backdrop-sepia: var(--tw-empty, );--tw-backdrop-filter: var(--tw-backdrop-blur) var(--tw-backdrop-brightness) var(--tw-backdrop-contrast) var(--tw-backdrop-grayscale) var(--tw-backdrop-hue-rotate) var(--tw-backdrop-invert) var(--tw-backdrop-opacity) var(--tw-backdrop-saturate) var(--tw-backdrop-sepia);font-size: 1.25rem;font-weight: 600;line-height: 1.75rem;font-family: Poppins, sans-serif;vertical-align: baseline;--tw-text-opacity: 1\" data-v-cca255d6=\"\" data-v-22e2def2=\"\"><\/h4>\n<p>Description<br \/>Optez pour ce rangement gain de place tr\u00e8s efficace de la collection Greed de Decoclico en version gold : une \u00e9tag\u00e8re murale simple offrant 5 niches qu&rsquo;on utilise en cuisine, dans la salle de bain comme dans la chambre, ou encore dans l&rsquo;entr\u00e9e o\u00f9 elle saura organiser le courrier. <\/p>\n<p>La collection Greed d\u00e9cline de multiples \u00e9tag\u00e8res en m\u00e9tal grillag\u00e9 n&rsquo;h\u00e9sitez pas \u00e0 les associer. D\u00e9couvrez toute la collection Greed<\/p>\n<p>Dimensions : L 46 x l 18 x h 66 cm<\/p>\n","protected":false},"featured_media":661,"comment_status":"open","ping_status":"closed","template":"","meta":[],"product_brand":[],"product_cat":[30,145],"product_tag":[],"class_list":{"0":"post-660","1":"product","2":"type-product","3":"status-publish","4":"has-post-thumbnail","6":"product_cat-etageres","7":"product_cat-toute-la-collection","9":"first","10":"instock","11":"purchasable","12":"product-type-simple","13":"customify-col","14":"product-has-gallery"},"mb":[],"jetpack_sharing_enabled":true,"mfb_rest_fields":["title","jetpack_sharing_enabled","gutenberg_elementor_mode"],"_links":{"self":[{"href":"https:\/\/dolati.shop\/index.php\/wp-json\/wp\/v2\/product\/660","targetHints":{"allow":["GET"]}}],"collection":[{"href":"https:\/\/dolati.shop\/index.php\/wp-json\/wp\/v2\/product"}],"about":[{"href":"https:\/\/dolati.shop\/index.php\/wp-json\/wp\/v2\/types\/product"}],"replies":[{"embeddable":true,"href":"https:\/\/dolati.shop\/index.php\/wp-json\/wp\/v2\/comments?post=660"}],"version-history":[{"count":1,"href":"https:\/\/dolati.shop\/index.php\/wp-json\/wp\/v2\/product\/660\/revisions"}],"predecessor-version":[{"id":2687,"href":"https:\/\/dolati.shop\/index.php\/wp-json\/wp\/v2\/product\/660\/revisions\/2687"}],"wp:featuredmedia":[{"embeddable":true,"href":"https:\/\/dolati.shop\/index.php\/wp-json\/wp\/v2\/media\/661"}],"wp:attachment":[{"href":"https:\/\/dolati.shop\/index.php\/wp-json\/wp\/v2\/media?parent=660"}],"wp:term":[{"taxonomy":"product_brand","embeddable":true,"href":"https:\/\/dolati.shop\/index.php\/wp-json\/wp\/v2\/product_brand?post=660"},{"taxonomy":"product_cat","embeddable":true,"href":"https:\/\/dolati.shop\/index.php\/wp-json\/wp\/v2\/product_cat?post=660"},{"taxonomy":"product_tag","embeddable":true,"href":"https:\/\/dolati.shop\/index.php\/wp-json\/wp\/v2\/product_tag?post=660"}],"curies":[{"name":"wp","href":"https:\/\/api.w.org\/{rel}","templated":true}]}}