{"id":3351,"date":"2024-03-26T14:22:14","date_gmt":"2024-03-26T13:22:14","guid":{"rendered":"https:\/\/dolati.shop\/?post_type=product&#038;p=3351"},"modified":"2024-03-26T14:33:35","modified_gmt":"2024-03-26T13:33:35","slug":"pot-sorciere","status":"publish","type":"product","link":"https:\/\/dolati.shop\/index.php\/product\/pot-sorciere\/","title":{"rendered":"Pot sorci\u00e8re"},"content":{"rendered":"\n<figure class=\"wp-block-image\"><img decoding=\"async\" src=\"https:\/\/img.ankorstore.com\/brands\/rounded\/33025-47e02cf9842dd9.jpg?auto=format%2Ccompress&amp;fm=pjpg&amp;dpr=1&amp;w=72\" alt=\"Something Different Wholesale\" \/><\/figure>\n\n\n\n<p>Something Different Wholesale<\/p>\n","protected":false},"excerpt":{"rendered":"<p>Description<br \/>Ce pot de stockage de th\u00e9 de sorci\u00e8re comporte le texte amusant \u00ab Witches Brew \u00bb et un couvercle de chapeau de sorci\u00e8re moul\u00e9 qui constitue une pi\u00e8ce de d\u00e9coration de cuisine amusante pour Halloween et au-del\u00e0. <\/p>\n<p>Lavage \u00e0 la main seulement. Ne passe pas au micro-ondes.<\/p>\n<p>Dimensions<br \/>H : 18 cm x L : 10,5 cm x P : 10 cm<\/p>\n","protected":false},"featured_media":3352,"comment_status":"open","ping_status":"closed","template":"","meta":[],"product_brand":[],"product_cat":[124,66,31,145],"product_tag":[],"class_list":{"0":"post-3351","1":"product","2":"type-product","3":"status-publish","4":"has-post-thumbnail","6":"product_cat-accessoires","7":"product_cat-art-de-la-table","8":"product_cat-noel","9":"product_cat-toute-la-collection","11":"first","12":"instock","13":"purchasable","14":"product-type-simple","15":"customify-col","16":"product-has-gallery"},"mb":[],"jetpack_sharing_enabled":true,"mfb_rest_fields":["title","jetpack_sharing_enabled","gutenberg_elementor_mode"],"_links":{"self":[{"href":"https:\/\/dolati.shop\/index.php\/wp-json\/wp\/v2\/product\/3351","targetHints":{"allow":["GET"]}}],"collection":[{"href":"https:\/\/dolati.shop\/index.php\/wp-json\/wp\/v2\/product"}],"about":[{"href":"https:\/\/dolati.shop\/index.php\/wp-json\/wp\/v2\/types\/product"}],"replies":[{"embeddable":true,"href":"https:\/\/dolati.shop\/index.php\/wp-json\/wp\/v2\/comments?post=3351"}],"version-history":[{"count":1,"href":"https:\/\/dolati.shop\/index.php\/wp-json\/wp\/v2\/product\/3351\/revisions"}],"predecessor-version":[{"id":3355,"href":"https:\/\/dolati.shop\/index.php\/wp-json\/wp\/v2\/product\/3351\/revisions\/3355"}],"wp:featuredmedia":[{"embeddable":true,"href":"https:\/\/dolati.shop\/index.php\/wp-json\/wp\/v2\/media\/3352"}],"wp:attachment":[{"href":"https:\/\/dolati.shop\/index.php\/wp-json\/wp\/v2\/media?parent=3351"}],"wp:term":[{"taxonomy":"product_brand","embeddable":true,"href":"https:\/\/dolati.shop\/index.php\/wp-json\/wp\/v2\/product_brand?post=3351"},{"taxonomy":"product_cat","embeddable":true,"href":"https:\/\/dolati.shop\/index.php\/wp-json\/wp\/v2\/product_cat?post=3351"},{"taxonomy":"product_tag","embeddable":true,"href":"https:\/\/dolati.shop\/index.php\/wp-json\/wp\/v2\/product_tag?post=3351"}],"curies":[{"name":"wp","href":"https:\/\/api.w.org\/{rel}","templated":true}]}}