{"id":3322,"date":"2024-03-25T15:35:38","date_gmt":"2024-03-25T14:35:38","guid":{"rendered":"https:\/\/dolati.shop\/?post_type=product&#038;p=3322"},"modified":"2024-03-25T15:42:31","modified_gmt":"2024-03-25T14:42:31","slug":"tasse-arrondie-aile-de-chauve-souris","status":"publish","type":"product","link":"https:\/\/dolati.shop\/index.php\/product\/tasse-arrondie-aile-de-chauve-souris\/","title":{"rendered":"Tasse arrondie aile de chauve-souris"},"content":{"rendered":"\n<figure class=\"wp-block-image\"><img decoding=\"async\" src=\"https:\/\/img.ankorstore.com\/brands\/rounded\/33025-47e02cf9842dd9.jpg?auto=format%2Ccompress&amp;fm=pjpg&amp;dpr=1&amp;w=72\" alt=\"Something Different Wholesale\" \/><\/figure>\n\n\n\n<p>Something Different Wholesale<\/p>\n","protected":false},"excerpt":{"rendered":"<p>Description<br \/>Design unique ! Une paire d&rsquo;ailes de chauve-souris remplace une poign\u00e9e de tasse traditionnelle et une finition noire \u00e9l\u00e9gante.<\/p>\n<p>Capacit\u00e9 de 500 ml. Lavage \u00e0 la main seulement. Ne passe pas au micro-ondes. <\/p>\n<p>Dimensions<br \/>H : 8,8 cm x L : 15,5 cm x P : 9 cm<\/p>\n","protected":false},"featured_media":3323,"comment_status":"open","ping_status":"closed","template":"","meta":[],"product_brand":[],"product_cat":[66,31,145,65],"product_tag":[],"class_list":{"0":"post-3322","1":"product","2":"type-product","3":"status-publish","4":"has-post-thumbnail","6":"product_cat-art-de-la-table","7":"product_cat-noel","8":"product_cat-toute-la-collection","9":"product_cat-vaisselle","11":"first","12":"instock","13":"purchasable","14":"product-type-simple","15":"customify-col","16":"product-has-gallery"},"mb":[],"jetpack_sharing_enabled":true,"mfb_rest_fields":["title","jetpack_sharing_enabled","gutenberg_elementor_mode"],"_links":{"self":[{"href":"https:\/\/dolati.shop\/index.php\/wp-json\/wp\/v2\/product\/3322","targetHints":{"allow":["GET"]}}],"collection":[{"href":"https:\/\/dolati.shop\/index.php\/wp-json\/wp\/v2\/product"}],"about":[{"href":"https:\/\/dolati.shop\/index.php\/wp-json\/wp\/v2\/types\/product"}],"replies":[{"embeddable":true,"href":"https:\/\/dolati.shop\/index.php\/wp-json\/wp\/v2\/comments?post=3322"}],"version-history":[{"count":1,"href":"https:\/\/dolati.shop\/index.php\/wp-json\/wp\/v2\/product\/3322\/revisions"}],"predecessor-version":[{"id":3325,"href":"https:\/\/dolati.shop\/index.php\/wp-json\/wp\/v2\/product\/3322\/revisions\/3325"}],"wp:featuredmedia":[{"embeddable":true,"href":"https:\/\/dolati.shop\/index.php\/wp-json\/wp\/v2\/media\/3323"}],"wp:attachment":[{"href":"https:\/\/dolati.shop\/index.php\/wp-json\/wp\/v2\/media?parent=3322"}],"wp:term":[{"taxonomy":"product_brand","embeddable":true,"href":"https:\/\/dolati.shop\/index.php\/wp-json\/wp\/v2\/product_brand?post=3322"},{"taxonomy":"product_cat","embeddable":true,"href":"https:\/\/dolati.shop\/index.php\/wp-json\/wp\/v2\/product_cat?post=3322"},{"taxonomy":"product_tag","embeddable":true,"href":"https:\/\/dolati.shop\/index.php\/wp-json\/wp\/v2\/product_tag?post=3322"}],"curies":[{"name":"wp","href":"https:\/\/api.w.org\/{rel}","templated":true}]}}