{"id":3221,"date":"2024-02-23T23:54:12","date_gmt":"2024-02-23T22:54:12","guid":{"rendered":"https:\/\/dolati.shop\/?post_type=product&#038;p=3221"},"modified":"2024-02-24T00:00:58","modified_gmt":"2024-02-23T23:00:58","slug":"sac-de-transport-tisse-a-la-main-en-raphia-canang","status":"publish","type":"product","link":"https:\/\/dolati.shop\/index.php\/product\/sac-de-transport-tisse-a-la-main-en-raphia-canang\/","title":{"rendered":"Sac de transport tiss\u00e9 \u00e0 la main en raphia CANANG"},"content":{"rendered":"\n<figure class=\"wp-block-image\"><img decoding=\"async\" src=\"https:\/\/img.ankorstore.com\/brands\/rounded\/35462-47e85e89bdccb7.jpg?auto=format%2Ccompress&amp;fm=pjpg&amp;dpr=1&amp;w=72\" alt=\"Soeji\" \/><\/figure>\n\n\n\n<p>Soeji<\/p>\n","protected":false},"excerpt":{"rendered":"<p>Description<br \/>\u2022 42&#215;34 cm<br \/>\u2022 Sac robuste en raphia, se range pour gagner de la place et est id\u00e9al pour vos achats<br \/>\u2022 transmet l&rsquo;ambiance estivale \u00e0 chaque saison<br \/>\u2022 100\u00a0% fait main et commerce \u00e9quitable<\/p>\n<p>Pour fabriquer le sac Canang, de fines fibres de raphia sont nou\u00e9es en forme de filet angulaire. Cela le rend flexible et tr\u00e8s l\u00e9ger. Les longues poign\u00e9es vous permettent de porter le sac \u00e0 la main ou sur l&rsquo;\u00e9paule.<\/p>\n<p>Dimensions :<br \/>Longueur x largeur : 42&#215;34 cm (sans poign\u00e9es)<\/p>\n<p>En raison de la fabrication artisanale et des variations naturelles des mat\u00e9riaux, leur taille, leur couleur et leur forme peuvent varier l\u00e9g\u00e8rement.<\/p>\n","protected":false},"featured_media":3222,"comment_status":"open","ping_status":"closed","template":"","meta":[],"product_brand":[],"product_cat":[79,145],"product_tag":[],"class_list":{"0":"post-3221","1":"product","2":"type-product","3":"status-publish","4":"has-post-thumbnail","6":"product_cat-paniers","7":"product_cat-toute-la-collection","9":"first","10":"instock","11":"shipping-taxable","12":"purchasable","13":"product-type-simple","14":"customify-col","15":"product-has-gallery"},"mb":[],"jetpack_sharing_enabled":true,"mfb_rest_fields":["title","jetpack_sharing_enabled","gutenberg_elementor_mode"],"_links":{"self":[{"href":"https:\/\/dolati.shop\/index.php\/wp-json\/wp\/v2\/product\/3221","targetHints":{"allow":["GET"]}}],"collection":[{"href":"https:\/\/dolati.shop\/index.php\/wp-json\/wp\/v2\/product"}],"about":[{"href":"https:\/\/dolati.shop\/index.php\/wp-json\/wp\/v2\/types\/product"}],"replies":[{"embeddable":true,"href":"https:\/\/dolati.shop\/index.php\/wp-json\/wp\/v2\/comments?post=3221"}],"version-history":[{"count":1,"href":"https:\/\/dolati.shop\/index.php\/wp-json\/wp\/v2\/product\/3221\/revisions"}],"predecessor-version":[{"id":3225,"href":"https:\/\/dolati.shop\/index.php\/wp-json\/wp\/v2\/product\/3221\/revisions\/3225"}],"wp:featuredmedia":[{"embeddable":true,"href":"https:\/\/dolati.shop\/index.php\/wp-json\/wp\/v2\/media\/3222"}],"wp:attachment":[{"href":"https:\/\/dolati.shop\/index.php\/wp-json\/wp\/v2\/media?parent=3221"}],"wp:term":[{"taxonomy":"product_brand","embeddable":true,"href":"https:\/\/dolati.shop\/index.php\/wp-json\/wp\/v2\/product_brand?post=3221"},{"taxonomy":"product_cat","embeddable":true,"href":"https:\/\/dolati.shop\/index.php\/wp-json\/wp\/v2\/product_cat?post=3221"},{"taxonomy":"product_tag","embeddable":true,"href":"https:\/\/dolati.shop\/index.php\/wp-json\/wp\/v2\/product_tag?post=3221"}],"curies":[{"name":"wp","href":"https:\/\/api.w.org\/{rel}","templated":true}]}}