{"id":3216,"date":"2024-02-23T23:48:40","date_gmt":"2024-02-23T22:48:40","guid":{"rendered":"https:\/\/dolati.shop\/?post_type=product&#038;p=3216"},"modified":"2026-04-24T06:57:53","modified_gmt":"2026-04-24T04:57:53","slug":"cabas-sac-de-plage-moyo-en-jonc-de-mer-tresse","status":"publish","type":"product","link":"https:\/\/dolati.shop\/index.php\/product\/cabas-sac-de-plage-moyo-en-jonc-de-mer-tresse\/","title":{"rendered":"Cabas sac de plage MOYO en jonc de mer tress\u00e9"},"content":{"rendered":"\n<figure class=\"wp-block-image\"><img decoding=\"async\" src=\"https:\/\/img.ankorstore.com\/brands\/rounded\/35462-47e85e89bdccb7.jpg?auto=format%2Ccompress&amp;fm=pjpg&amp;dpr=1&amp;w=72\" alt=\"Soeji\" \/><\/figure>\n\n\n\n<p>Soeji<\/p>\n","protected":false},"excerpt":{"rendered":"<p>Description<br \/>\u2022 taille 28x16x20 cm<br \/>\u2022 sac robuste en jonc de mer tiss\u00e9 a\u00e9r\u00e9<br \/>\u2022 transmet l&rsquo;ambiance estivale \u00e0 chaque saison<br \/>\u2022 100\u00a0% fait main et commerce \u00e9quitable<\/p>\n<p>Avec le sac shopping Moyo tiss\u00e9 \u00e0 la main, vous avez un compagnon discret en vacances ou en excursion, mais aussi sur le chemin du travail et pour vos courses quotidiennes. La couleur naturelle du mat\u00e9riau non trait\u00e9 convient \u00e0 presque tous les styles et tenues.<br \/>\u00a0<br \/>Dimensions :<br \/>(Longueur x largeur x hauteur avec\/sans poign\u00e9es de maintien)<br \/>28 x 16 x 31\/20 cm\u00a0<\/p>\n<p>En raison de la fabrication artisanale et des variations naturelles des mat\u00e9riaux, leur taille, leur couleur et leur forme peuvent varier l\u00e9g\u00e8rement.<\/p>\n","protected":false},"featured_media":3217,"comment_status":"open","ping_status":"closed","template":"","meta":[],"product_brand":[],"product_cat":[79,145],"product_tag":[],"class_list":{"0":"post-3216","1":"product","2":"type-product","3":"status-publish","4":"has-post-thumbnail","6":"product_cat-paniers","7":"product_cat-toute-la-collection","9":"first","10":"instock","11":"purchasable","12":"product-type-simple","13":"customify-col","14":"product-has-gallery"},"mb":[],"jetpack_sharing_enabled":true,"mfb_rest_fields":["title","jetpack_sharing_enabled","gutenberg_elementor_mode"],"_links":{"self":[{"href":"https:\/\/dolati.shop\/index.php\/wp-json\/wp\/v2\/product\/3216","targetHints":{"allow":["GET"]}}],"collection":[{"href":"https:\/\/dolati.shop\/index.php\/wp-json\/wp\/v2\/product"}],"about":[{"href":"https:\/\/dolati.shop\/index.php\/wp-json\/wp\/v2\/types\/product"}],"replies":[{"embeddable":true,"href":"https:\/\/dolati.shop\/index.php\/wp-json\/wp\/v2\/comments?post=3216"}],"version-history":[{"count":1,"href":"https:\/\/dolati.shop\/index.php\/wp-json\/wp\/v2\/product\/3216\/revisions"}],"predecessor-version":[{"id":3220,"href":"https:\/\/dolati.shop\/index.php\/wp-json\/wp\/v2\/product\/3216\/revisions\/3220"}],"wp:featuredmedia":[{"embeddable":true,"href":"https:\/\/dolati.shop\/index.php\/wp-json\/wp\/v2\/media\/3217"}],"wp:attachment":[{"href":"https:\/\/dolati.shop\/index.php\/wp-json\/wp\/v2\/media?parent=3216"}],"wp:term":[{"taxonomy":"product_brand","embeddable":true,"href":"https:\/\/dolati.shop\/index.php\/wp-json\/wp\/v2\/product_brand?post=3216"},{"taxonomy":"product_cat","embeddable":true,"href":"https:\/\/dolati.shop\/index.php\/wp-json\/wp\/v2\/product_cat?post=3216"},{"taxonomy":"product_tag","embeddable":true,"href":"https:\/\/dolati.shop\/index.php\/wp-json\/wp\/v2\/product_tag?post=3216"}],"curies":[{"name":"wp","href":"https:\/\/api.w.org\/{rel}","templated":true}]}}