{"id":3144,"date":"2024-02-23T21:54:53","date_gmt":"2024-02-23T20:54:53","guid":{"rendered":"https:\/\/dolati.shop\/?post_type=product&#038;p=3144"},"modified":"2025-11-03T09:27:27","modified_gmt":"2025-11-03T08:27:27","slug":"duo-de-vases-asymetriques-en-ceramique","status":"publish","type":"product","link":"https:\/\/dolati.shop\/index.php\/product\/duo-de-vases-asymetriques-en-ceramique\/","title":{"rendered":"Duo de Vases Asym\u00e9triques en c\u00e9ramique"},"content":{"rendered":"\n<figure class=\"wp-block-image\"><img decoding=\"async\" src=\"https:\/\/img.ankorstore.com\/brands\/rounded\/44448-47e8499863f995.jpg?auto=format%2Ccompress&amp;fm=pjpg&amp;dpr=1&amp;w=72\" alt=\"Maison Marm\u00d6l\" \/><\/figure>\n\n\n\n<p>Maison Marm\u00d6l<\/p>\n","protected":false},"excerpt":{"rendered":"<p>Description<br \/>Un Duo original, tendance et moderne qui puise son inspiration dans le style nordique. Ces vases circulaires asym\u00e9triques et fondants \u00e9voquent la beaut\u00e9 de la nature et cr\u00e9ent une ambiance contemporaine et \u00e9pur\u00e9e.<\/p>\n<p>Le duo se fond harmonieusement dans un salon moderne lumineux, dans une chambre \u00e0 l&rsquo;atmosph\u00e8re zen ou un bureau minimaliste. Il y apportera une note de douceur et d&rsquo;\u00e9l\u00e9gance. Mettez en valeur leur blanc \u00e9crus immacul\u00e9 en optant pour des bouquets de fleurs s\u00e9ch\u00e9es aux tons neutres tels que des brins de lavande, des branches d&rsquo;eucalyptus ou des tiges de pampa. Ils apporteront une dimension naturelle et apaisante \u00e0 votre d\u00e9co.<\/p>\n<p>DIMENSIONS :\u00a0<br \/>Grand vase : 22.5x23cm<br \/>Petit vase : 15.7x16cm<\/p>\n<p>Mat\u00e9riaux :<br \/>C\u00e9ramique<\/p>\n","protected":false},"featured_media":3145,"comment_status":"open","ping_status":"closed","template":"","meta":[],"product_brand":[],"product_cat":[145,28],"product_tag":[],"class_list":{"0":"post-3144","1":"product","2":"type-product","3":"status-publish","4":"has-post-thumbnail","6":"product_cat-toute-la-collection","7":"product_cat-vases","9":"first","10":"outofstock","11":"purchasable","12":"product-type-simple","13":"customify-col","14":"product-has-gallery"},"mb":[],"jetpack_sharing_enabled":true,"mfb_rest_fields":["title","jetpack_sharing_enabled","gutenberg_elementor_mode"],"_links":{"self":[{"href":"https:\/\/dolati.shop\/index.php\/wp-json\/wp\/v2\/product\/3144","targetHints":{"allow":["GET"]}}],"collection":[{"href":"https:\/\/dolati.shop\/index.php\/wp-json\/wp\/v2\/product"}],"about":[{"href":"https:\/\/dolati.shop\/index.php\/wp-json\/wp\/v2\/types\/product"}],"replies":[{"embeddable":true,"href":"https:\/\/dolati.shop\/index.php\/wp-json\/wp\/v2\/comments?post=3144"}],"version-history":[{"count":2,"href":"https:\/\/dolati.shop\/index.php\/wp-json\/wp\/v2\/product\/3144\/revisions"}],"predecessor-version":[{"id":3278,"href":"https:\/\/dolati.shop\/index.php\/wp-json\/wp\/v2\/product\/3144\/revisions\/3278"}],"wp:featuredmedia":[{"embeddable":true,"href":"https:\/\/dolati.shop\/index.php\/wp-json\/wp\/v2\/media\/3145"}],"wp:attachment":[{"href":"https:\/\/dolati.shop\/index.php\/wp-json\/wp\/v2\/media?parent=3144"}],"wp:term":[{"taxonomy":"product_brand","embeddable":true,"href":"https:\/\/dolati.shop\/index.php\/wp-json\/wp\/v2\/product_brand?post=3144"},{"taxonomy":"product_cat","embeddable":true,"href":"https:\/\/dolati.shop\/index.php\/wp-json\/wp\/v2\/product_cat?post=3144"},{"taxonomy":"product_tag","embeddable":true,"href":"https:\/\/dolati.shop\/index.php\/wp-json\/wp\/v2\/product_tag?post=3144"}],"curies":[{"name":"wp","href":"https:\/\/api.w.org\/{rel}","templated":true}]}}