{"id":2048,"date":"2023-11-12T20:26:14","date_gmt":"2023-11-12T19:26:14","guid":{"rendered":"https:\/\/dolati.shop\/?post_type=product&#038;p=2048"},"modified":"2023-12-13T15:38:13","modified_gmt":"2023-12-13T14:38:13","slug":"gland-panier-miniature-x3","status":"publish","type":"product","link":"https:\/\/dolati.shop\/index.php\/product\/gland-panier-miniature-x3\/","title":{"rendered":"Glands paniers miniatures Lot x3"},"content":{"rendered":"\n<figure class=\"wp-block-image\"><img decoding=\"async\" src=\"https:\/\/img.ankorstore.com\/brands\/rounded\/16624-47d62a6ee8624a.jpg?auto=format%2Ccompress&amp;fm=pjpg&amp;dpr=1&amp;w=72\" alt=\"CindyxHanna\" \/><\/figure>\n\n\n\n<p>CindyxHanna<\/p>\n","protected":false},"excerpt":{"rendered":"<p>Description<br \/>Adorable et plus mignon quand c&rsquo;est miniature !<\/p>\n<p>Les Coco Basket sont livr\u00e9s en lot de 3<br \/>Ces petits paniers sont parfaits pour contenir des cadeaux, pour cr\u00e9er des d\u00e9corations de table de P\u00e2ques uniques ou simplement pour les accrocher \u00e0 un sapin de No\u00ebl.<\/p>\n<p>Parfait pour contenir des petits \u0153ufs en chocolat ou des poussins \u00e0 pompons, des friandises, des bonbons et plus encore&#8230;<\/p>\n<p>Dimensions :<br \/>8.5 x 12 cm &#8211; avec la poign\u00e9e<\/p>\n","protected":false},"featured_media":2049,"comment_status":"open","ping_status":"closed","template":"","meta":[],"product_brand":[],"product_cat":[125,145],"product_tag":[],"class_list":{"0":"post-2048","1":"product","2":"type-product","3":"status-publish","4":"has-post-thumbnail","6":"product_cat-le-coin-des-enfants","7":"product_cat-toute-la-collection","9":"first","10":"instock","11":"purchasable","12":"product-type-simple","13":"customify-col","14":"product-has-gallery"},"mb":[],"jetpack_sharing_enabled":true,"mfb_rest_fields":["title","jetpack_sharing_enabled","gutenberg_elementor_mode"],"_links":{"self":[{"href":"https:\/\/dolati.shop\/index.php\/wp-json\/wp\/v2\/product\/2048","targetHints":{"allow":["GET"]}}],"collection":[{"href":"https:\/\/dolati.shop\/index.php\/wp-json\/wp\/v2\/product"}],"about":[{"href":"https:\/\/dolati.shop\/index.php\/wp-json\/wp\/v2\/types\/product"}],"replies":[{"embeddable":true,"href":"https:\/\/dolati.shop\/index.php\/wp-json\/wp\/v2\/comments?post=2048"}],"version-history":[{"count":3,"href":"https:\/\/dolati.shop\/index.php\/wp-json\/wp\/v2\/product\/2048\/revisions"}],"predecessor-version":[{"id":2792,"href":"https:\/\/dolati.shop\/index.php\/wp-json\/wp\/v2\/product\/2048\/revisions\/2792"}],"wp:featuredmedia":[{"embeddable":true,"href":"https:\/\/dolati.shop\/index.php\/wp-json\/wp\/v2\/media\/2049"}],"wp:attachment":[{"href":"https:\/\/dolati.shop\/index.php\/wp-json\/wp\/v2\/media?parent=2048"}],"wp:term":[{"taxonomy":"product_brand","embeddable":true,"href":"https:\/\/dolati.shop\/index.php\/wp-json\/wp\/v2\/product_brand?post=2048"},{"taxonomy":"product_cat","embeddable":true,"href":"https:\/\/dolati.shop\/index.php\/wp-json\/wp\/v2\/product_cat?post=2048"},{"taxonomy":"product_tag","embeddable":true,"href":"https:\/\/dolati.shop\/index.php\/wp-json\/wp\/v2\/product_tag?post=2048"}],"curies":[{"name":"wp","href":"https:\/\/api.w.org\/{rel}","templated":true}]}}