{"id":1120,"date":"2023-10-27T10:22:47","date_gmt":"2023-10-27T08:22:47","guid":{"rendered":"https:\/\/dolati.shop\/?post_type=product&#038;p=1120"},"modified":"2026-04-23T15:10:46","modified_gmt":"2026-04-23T13:10:46","slug":"bougeoir-en-verre-borosilicate-marron-souffle-a-la-bouche-o9x115-cm","status":"publish","type":"product","link":"https:\/\/dolati.shop\/index.php\/product\/bougeoir-en-verre-borosilicate-marron-souffle-a-la-bouche-o9x115-cm\/","title":{"rendered":"Bougeoir en verre borosilicat\u00e9 marron souffl\u00e9 \u00e0 la bouche 11,5 cm"},"content":{"rendered":"\n<figure class=\"wp-block-image\"><img decoding=\"async\" src=\"https:\/\/img.ankorstore.com\/brands\/rounded\/6070-47d6fbfd5b7b1f.jpg?auto=format%2Ccompress&amp;fm=pjpg&amp;dpr=1&amp;w=72\" alt=\"House Nordic\" \/><\/figure>\n\n\n\n<p>House Nordic<\/p>\n","protected":false},"excerpt":{"rendered":"<p>Description<br \/>Bougeoir en verre borosilicat\u00e9 marron souffl\u00e9 \u00e0 la bouche <\/p>\n<p>Dimensions<br \/>9x9x11.5 cm<\/p>\n<p>Mat\u00e9riaux<br \/>Un verre<\/p>\n","protected":false},"featured_media":1121,"comment_status":"open","ping_status":"closed","template":"","meta":[],"product_brand":[],"product_cat":[129,145],"product_tag":[],"class_list":{"0":"post-1120","1":"product","2":"type-product","3":"status-publish","4":"has-post-thumbnail","6":"product_cat-bougeoirs","7":"product_cat-toute-la-collection","9":"first","10":"outofstock","11":"purchasable","12":"product-type-simple","13":"customify-col","14":"product-has-gallery"},"mb":[],"jetpack_sharing_enabled":true,"mfb_rest_fields":["title","jetpack_sharing_enabled","gutenberg_elementor_mode"],"_links":{"self":[{"href":"https:\/\/dolati.shop\/index.php\/wp-json\/wp\/v2\/product\/1120","targetHints":{"allow":["GET"]}}],"collection":[{"href":"https:\/\/dolati.shop\/index.php\/wp-json\/wp\/v2\/product"}],"about":[{"href":"https:\/\/dolati.shop\/index.php\/wp-json\/wp\/v2\/types\/product"}],"replies":[{"embeddable":true,"href":"https:\/\/dolati.shop\/index.php\/wp-json\/wp\/v2\/comments?post=1120"}],"version-history":[{"count":1,"href":"https:\/\/dolati.shop\/index.php\/wp-json\/wp\/v2\/product\/1120\/revisions"}],"predecessor-version":[{"id":2616,"href":"https:\/\/dolati.shop\/index.php\/wp-json\/wp\/v2\/product\/1120\/revisions\/2616"}],"wp:featuredmedia":[{"embeddable":true,"href":"https:\/\/dolati.shop\/index.php\/wp-json\/wp\/v2\/media\/1121"}],"wp:attachment":[{"href":"https:\/\/dolati.shop\/index.php\/wp-json\/wp\/v2\/media?parent=1120"}],"wp:term":[{"taxonomy":"product_brand","embeddable":true,"href":"https:\/\/dolati.shop\/index.php\/wp-json\/wp\/v2\/product_brand?post=1120"},{"taxonomy":"product_cat","embeddable":true,"href":"https:\/\/dolati.shop\/index.php\/wp-json\/wp\/v2\/product_cat?post=1120"},{"taxonomy":"product_tag","embeddable":true,"href":"https:\/\/dolati.shop\/index.php\/wp-json\/wp\/v2\/product_tag?post=1120"}],"curies":[{"name":"wp","href":"https:\/\/api.w.org\/{rel}","templated":true}]}}